{"id":15,"date":"2024-11-18T18:39:22","date_gmt":"2024-11-18T17:39:22","guid":{"rendered":"https:\/\/popx.hu\/?page_id=15"},"modified":"2025-01-18T22:44:57","modified_gmt":"2025-01-18T21:44:57","slug":"kapcsolat","status":"publish","type":"page","link":"https:\/\/popx.hu\/?page_id=15","title":{"rendered":"Kapcsolat"},"content":{"rendered":"\t\t<div data-elementor-type=\"wp-page\" data-elementor-id=\"15\" class=\"elementor elementor-15\" data-elementor-post-type=\"page\">\n\t\t\t\t<div class=\"elementor-element elementor-element-d5f14a5 e-flex e-con-boxed e-con e-parent\" data-id=\"d5f14a5\" data-element_type=\"container\" data-e-type=\"container\" data-settings=\"{&quot;jet_parallax_layout_list&quot;:[]}\">\n\t\t\t\t\t<div class=\"e-con-inner\">\n\t\t\t\t<div class=\"elementor-element elementor-element-84a602c elementor-widget elementor-widget-image\" data-id=\"84a602c\" data-element_type=\"widget\" data-e-type=\"widget\" data-widget_type=\"image.default\">\n\t\t\t\t<div class=\"elementor-widget-container\">\n\t\t\t\t\t\t\t\t\t\t\t\t\t\t\t<img decoding=\"async\" src=\"https:\/\/popx.hu\/wp-content\/uploads\/elementor\/thumbs\/kapcsolat-2-r03h41lkpag4rclr19haqqynqh1k1fd14sg8ltww4g.jpg\" title=\"kapcsolat-2\" alt=\"kapcsolat-2\" loading=\"lazy\" \/>\t\t\t\t\t\t\t\t\t\t\t\t\t\t\t<\/div>\n\t\t\t\t<\/div>\n\t\t<div class=\"elementor-element elementor-element-c0ef718 e-con-full e-flex e-con e-child\" data-id=\"c0ef718\" data-element_type=\"container\" data-e-type=\"container\" data-settings=\"{&quot;background_background&quot;:&quot;classic&quot;,&quot;jet_parallax_layout_list&quot;:[]}\">\n\t\t\t\t<div class=\"elementor-element elementor-element-a69816a elementor-widget elementor-widget-heading\" data-id=\"a69816a\" data-element_type=\"widget\" data-e-type=\"widget\" data-widget_type=\"heading.default\">\n\t\t\t\t<div class=\"elementor-widget-container\">\n\t\t\t\t\t<h3 class=\"elementor-heading-title elementor-size-default\"><p><strong>L\u00e9pjen kapcsolatba vel\u00fcnk!<\/strong><span style=\"color: inherit;font-size: 1.75rem;text-align: var(--text-align)\"><\/span><\/p><\/h3>\t\t\t\t<\/div>\n\t\t\t\t<\/div>\n\t\t\t\t<div class=\"elementor-element elementor-element-45d9884 elementor-widget elementor-widget-text-editor\" data-id=\"45d9884\" data-element_type=\"widget\" data-e-type=\"widget\" data-widget_type=\"text-editor.default\">\n\t\t\t\t<div class=\"elementor-widget-container\">\n\t\t\t\t\t\t\t\t\t<p>\u00d6r\u00f6mmel seg\u00edt\u00fcnk b\u00e1rmilyen \u00e9p\u00edt\u00e9si vagy fel\u00faj\u00edt\u00e1si k\u00e9rd\u00e9sben. Legyen sz\u00f3 csal\u00e1di h\u00e1z \u00e9p\u00edt\u00e9s\u00e9r\u0151l, lak\u00e1sfel\u00faj\u00edt\u00e1sr\u00f3l, vagy ipari projektr\u0151l, tapasztalt csapatunk k\u00e9szs\u00e9ggel \u00e1ll rendelkez\u00e9s\u00e9re. K\u00e9rj\u00fck, t\u00f6ltse ki az al\u00e1bbi \u0171rlapot, hogy jobban meg\u00e9rthess\u00fck az ig\u00e9nyeit!<\/p>\t\t\t\t\t\t\t\t<\/div>\n\t\t\t\t<\/div>\n\t\t\t\t<div class=\"elementor-element elementor-element-d6c1696 elementor-button-align-start elementor-widget elementor-widget-form\" data-id=\"d6c1696\" data-element_type=\"widget\" data-e-type=\"widget\" data-settings=\"{&quot;step_next_label&quot;:&quot;K\\u00f6vetkez\\u0151&quot;,&quot;step_previous_label&quot;:&quot;El\\u0151z\\u0151&quot;,&quot;button_width&quot;:&quot;100&quot;,&quot;step_type&quot;:&quot;number_text&quot;,&quot;step_icon_shape&quot;:&quot;circle&quot;}\" data-widget_type=\"form.default\">\n\t\t\t\t<div class=\"elementor-widget-container\">\n\t\t\t\t\t\t\t<form class=\"elementor-form\" method=\"post\" name=\"Kapcsolati \u0171rlap\" aria-label=\"Kapcsolati \u0171rlap\">\n\t\t\t<input type=\"hidden\" name=\"post_id\" value=\"15\"\/>\n\t\t\t<input type=\"hidden\" name=\"form_id\" value=\"d6c1696\"\/>\n\t\t\t<input type=\"hidden\" name=\"referer_title\" value=\"Kapcsolat\" \/>\n\n\t\t\t\t\t\t\t<input type=\"hidden\" name=\"queried_id\" value=\"15\"\/>\n\t\t\t\n\t\t\t<div class=\"elementor-form-fields-wrapper elementor-labels-above\">\n\t\t\t\t\t\t\t\t<div class=\"elementor-field-type-text elementor-field-group elementor-column elementor-field-group-name elementor-col-100 elementor-field-required\">\n\t\t\t\t\t\t\t\t\t\t\t\t\t<input size=\"1\" type=\"text\" name=\"form_fields[name]\" id=\"form-field-name\" class=\"elementor-field elementor-size-sm  elementor-field-textual\" placeholder=\"N\u00e9v:\" required=\"required\">\n\t\t\t\t\t\t\t\t\t\t\t<\/div>\n\t\t\t\t\t\t\t\t<div class=\"elementor-field-type-email elementor-field-group elementor-column elementor-field-group-email elementor-col-100 elementor-field-required\">\n\t\t\t\t\t\t\t\t\t\t\t\t\t<input size=\"1\" type=\"email\" name=\"form_fields[email]\" id=\"form-field-email\" class=\"elementor-field elementor-size-sm  elementor-field-textual\" placeholder=\"E-mail c\u00edm:\" required=\"required\">\n\t\t\t\t\t\t\t\t\t\t\t<\/div>\n\t\t\t\t\t\t\t\t<div class=\"elementor-field-type-tel elementor-field-group elementor-column elementor-field-group-field_bbcb216 elementor-col-100 elementor-field-required\">\n\t\t\t\t\t\t\t<input size=\"1\" type=\"tel\" name=\"form_fields[field_bbcb216]\" id=\"form-field-field_bbcb216\" class=\"elementor-field elementor-size-sm  elementor-field-textual\" placeholder=\"Telefonsz\u00e1m:\" required=\"required\" pattern=\"[0-9()#&amp;+*-=.]+\" title=\"Only numbers and phone characters (#, -, *, etc) are accepted.\">\n\n\t\t\t\t\t\t<\/div>\n\t\t\t\t\t\t\t\t<div class=\"elementor-field-type-textarea elementor-field-group elementor-column elementor-field-group-message elementor-col-100 elementor-field-required\">\n\t\t\t\t\t<textarea class=\"elementor-field-textual elementor-field  elementor-size-sm\" name=\"form_fields[message]\" id=\"form-field-message\" rows=\"4\" placeholder=\"\u00dczenet:\" required=\"required\"><\/textarea>\t\t\t\t<\/div>\n\t\t\t\t\t\t\t\t<div class=\"elementor-field-type-acceptance elementor-field-group elementor-column elementor-field-group-field_106586f elementor-col-100 elementor-field-required\">\n\t\t\t\t\t\t\t<div class=\"elementor-field-subgroup\">\n\t\t\t<span class=\"elementor-field-option\">\n\t\t\t\t<input type=\"checkbox\" name=\"form_fields[field_106586f]\" id=\"form-field-field_106586f\" class=\"elementor-field elementor-size-sm  elementor-acceptance-field\" required=\"required\">\n\t\t\t\t<label for=\"form-field-field_106586f\">Elolvastam \u00e9s elfogadtam az <a target=\"_blank\" style=\"color:#fcb80b\" href=\"https:\/\/popx.hu\/adatkezeles\/\">adatv\u00e9delmi t\u00e1j\u00e9koztat\u00f3t!<\/a><\/label>\t\t\t<\/span>\n\t\t<\/div>\n\t\t\t\t\t\t<\/div>\n\t\t\t\t\t\t\t\t<div class=\"elementor-field-group elementor-column elementor-field-type-submit elementor-col-100 e-form__buttons\">\n\t\t\t\t\t<button class=\"elementor-button elementor-size-sm\" type=\"submit\">\n\t\t\t\t\t\t<span class=\"elementor-button-content-wrapper\">\n\t\t\t\t\t\t\t\t\t\t\t\t\t\t\t\t\t\t\t\t\t\t<span class=\"elementor-button-text\">K\u00fcld\u00e9s<\/span>\n\t\t\t\t\t\t\t\t\t\t\t\t\t<\/span>\n\t\t\t\t\t<\/button>\n\t\t\t\t<\/div>\n\t\t\t<\/div>\n\t\t<\/form>\n\t\t\t\t\t\t<\/div>\n\t\t\t\t<\/div>\n\t\t\t\t<div class=\"elementor-element elementor-element-8bb2edf elementor-widget elementor-widget-heading\" data-id=\"8bb2edf\" data-element_type=\"widget\" data-e-type=\"widget\" data-widget_type=\"heading.default\">\n\t\t\t\t<div class=\"elementor-widget-container\">\n\t\t\t\t\t<h3 class=\"elementor-heading-title elementor-size-default\">Mi\u00e9rt v\u00e1lasszon minket?<\/h3>\t\t\t\t<\/div>\n\t\t\t\t<\/div>\n\t\t\t\t<div class=\"elementor-element elementor-element-05e0972 elementor-widget elementor-widget-text-editor\" data-id=\"05e0972\" data-element_type=\"widget\" data-e-type=\"widget\" data-widget_type=\"text-editor.default\">\n\t\t\t\t<div class=\"elementor-widget-container\">\n\t\t\t\t\t\t\t\t\t<ul><li><strong>Szak\u00e9rtelem \u00e9s tapasztalat:<\/strong> \u00e9vek \u00f3ta megb\u00edzhat\u00f3 partnerei vagyunk \u00fcgyfeleinknek az \u00e9p\u00edt\u0151ipar minden ter\u00fclet\u00e9n.<\/li><li><strong>Rugalmass\u00e1g:<\/strong> ig\u00e9nyeire szabott megold\u00e1sokat k\u00edn\u00e1lunk.<\/li><li><strong>Gyors v\u00e1lasz:<\/strong> koll\u00e9g\u00e1ink a lehet\u0151 leghamarabb felveszik \u00d6nnel a kapcsolatot.<\/li><\/ul>\t\t\t\t\t\t\t\t<\/div>\n\t\t\t\t<\/div>\n\t\t\t\t<div class=\"elementor-element elementor-element-78f4811 elementor-widget elementor-widget-heading\" data-id=\"78f4811\" data-element_type=\"widget\" data-e-type=\"widget\" data-widget_type=\"heading.default\">\n\t\t\t\t<div class=\"elementor-widget-container\">\n\t\t\t\t\t<h3 class=\"elementor-heading-title elementor-size-default\">Hogyan m\u0171k\u00f6dik a folyamat?<\/h3>\t\t\t\t<\/div>\n\t\t\t\t<\/div>\n\t\t\t\t<div class=\"elementor-element elementor-element-d68e147 elementor-widget elementor-widget-text-editor\" data-id=\"d68e147\" data-element_type=\"widget\" data-e-type=\"widget\" data-widget_type=\"text-editor.default\">\n\t\t\t\t<div class=\"elementor-widget-container\">\n\t\t\t\t\t\t\t\t\t<ol><li>T\u00f6ltse ki az al\u00e1bbi kapcsolatfelv\u00e9teli \u0171rlapot.<\/li><li>K\u00fcldje el nek\u00fcnk a projektj\u00e9vel kapcsolatos inform\u00e1ci\u00f3kat.<\/li><li>Munkat\u00e1rsunk 1-2 munkanapon bel\u00fcl felveszi \u00d6nnel a kapcsolatot.<\/li><\/ol>\t\t\t\t\t\t\t\t<\/div>\n\t\t\t\t<\/div>\n\t\t\t\t<div class=\"elementor-element elementor-element-1865639 elementor-widget elementor-widget-text-editor\" data-id=\"1865639\" data-element_type=\"widget\" data-e-type=\"widget\" data-widget_type=\"text-editor.default\">\n\t\t\t\t<div class=\"elementor-widget-container\">\n\t\t\t\t\t\t\t\t\t<p>Tov\u00e1bbi k\u00e9rd\u00e9sei vannak? H\u00edvjon minket bizalommal az al\u00e1bbi telefonsz\u00e1mon: +36 30 123 4567, vagy \u00edrjon nek\u00fcnk az info@popx.hu c\u00edmre. <br \/>V\u00e1rjuk megkeres\u00e9s\u00e9t!<\/p>\t\t\t\t\t\t\t\t<\/div>\n\t\t\t\t<\/div>\n\t\t\t\t<\/div>\n\t\t\t\t\t<\/div>\n\t\t\t\t<\/div>\n\t\t\t\t<\/div>\n\t\t","protected":false},"excerpt":{"rendered":"<p>L\u00e9pjen kapcsolatba vel\u00fcnk! \u00d6r\u00f6mmel seg\u00edt\u00fcnk b\u00e1rmilyen \u00e9p\u00edt\u00e9si vagy fel\u00faj\u00edt\u00e1si k\u00e9rd\u00e9sben. Legyen sz\u00f3 csal\u00e1di h\u00e1z \u00e9p\u00edt\u00e9s\u00e9r\u0151l, lak\u00e1sfel\u00faj\u00edt\u00e1sr\u00f3l, vagy ipari projektr\u0151l, tapasztalt csapatunk k\u00e9szs\u00e9ggel \u00e1ll rendelkez\u00e9s\u00e9re. K\u00e9rj\u00fck, t\u00f6ltse ki az al\u00e1bbi \u0171rlapot, hogy jobban meg\u00e9rthess\u00fck az ig\u00e9nyeit! Mi\u00e9rt v\u00e1lasszon minket? Szak\u00e9rtelem \u00e9s tapasztalat: \u00e9vek \u00f3ta megb\u00edzhat\u00f3 partnerei vagyunk \u00fcgyfeleinknek az \u00e9p\u00edt\u0151ipar minden ter\u00fclet\u00e9n. Rugalmass\u00e1g: ig\u00e9nyeire szabott megold\u00e1sokat [&hellip;]<\/p>\n","protected":false},"author":1,"featured_media":0,"parent":0,"menu_order":0,"comment_status":"closed","ping_status":"closed","template":"","meta":{"footnotes":""},"class_list":["post-15","page","type-page","status-publish","hentry"],"_links":{"self":[{"href":"https:\/\/popx.hu\/index.php?rest_route=\/wp\/v2\/pages\/15","targetHints":{"allow":["GET"]}}],"collection":[{"href":"https:\/\/popx.hu\/index.php?rest_route=\/wp\/v2\/pages"}],"about":[{"href":"https:\/\/popx.hu\/index.php?rest_route=\/wp\/v2\/types\/page"}],"author":[{"embeddable":true,"href":"https:\/\/popx.hu\/index.php?rest_route=\/wp\/v2\/users\/1"}],"replies":[{"embeddable":true,"href":"https:\/\/popx.hu\/index.php?rest_route=%2Fwp%2Fv2%2Fcomments&post=15"}],"version-history":[{"count":46,"href":"https:\/\/popx.hu\/index.php?rest_route=\/wp\/v2\/pages\/15\/revisions"}],"predecessor-version":[{"id":857,"href":"https:\/\/popx.hu\/index.php?rest_route=\/wp\/v2\/pages\/15\/revisions\/857"}],"wp:attachment":[{"href":"https:\/\/popx.hu\/index.php?rest_route=%2Fwp%2Fv2%2Fmedia&parent=15"}],"curies":[{"name":"wp","href":"https:\/\/api.w.org\/{rel}","templated":true}]}}